t is 351 (base 11) in base 5?
3134
4232 (base 9) to base 11
2375
What is -2144144 (base 6) in base 13?
-39a42
3445140 (base 6) to base 5
21134041
-32134514 (base 6) to base 13
-27168a
What is -266607 (base 8) in base 10?
-93575
-17555521 (base 8) to base 11
-2363a49
-e8ee5 (base 15) to base 14
-1534dd
1110010110011001110 (base 2) to base 14
c3514
Convert -26b413 (base 12) to base 11.
-3a9115
What is 110002011 (base 4) in base 9?
134500
-1180b (base 12) to base 6
-301215
Convert -17b6a (base 14) to base 7.
-336363
Convert -169761 (base 10) to base 4.
-221130201
Convert 124246 (base 10) to base 12.
5ba9a
Convert -7c83c (base 15) to base 9.
-664183
Convert 3cdb4 (base 14) to base 4.
210311202
Convert 55a90 (base 11) to base 14.
2181b
What is 325213a (base 11) in base 6?
322240120
-156637 (base 12) to base 4
-1120310023
What is 1454431 (base 7) in base 16?
30748
What is 2222100122020 (base 3) in base 15?
213996
-171216 (base 9) to base 15
-2158c
What is -4324341 (base 5) in base 11?
-5042a
-2647c75 (base 13) to base 15
-10c469d
Convert 212211220212100 (base 3) to base 6.
1131353143
-595a2 (base 12) to base 2
-11101010100001010
What is -202000010120 (base 3) in base 13?
-10a2bc
What is -120100012101 (base 3) in base 2?
-1001001101101111111
What is 727109 (base 10) in base 5?
141231414
What is 2101111100100 (base 3) in base 4?
10311323001
What is -1110682 (base 9) in base 5?
-123110421
30341141 (base 5) to base 16
3c295
What is 2380a (base 13) in base 11?
4498a
83c39 (base 14) to base 15
64328
What is -23152 (base 10) in base 16?
-5a70
What is -2186a4 (base 12) in base 8?
-2021334
Convert -21201276 (base 8) to base 3.
-22111202221220
What is -788381 (base 9) in base 5?
-110100404
Convert 230652 (base 9) to base 7.
1114151
Convert 276ad (base 16) to base 12.
79525
Convert 1100010111010010011110 (base 2) to base 9.
6078872
26a40 (base 11) to base 8
113172
Convert -47238 (base 11) to base 6.
-1243324
1693592 (base 10) to base 7
20252405
-8800b (base 13) to base 16
-3c13b
Convert 2b8fc4 (base 16) to base 14.
544580
Convert -11001100021 (base 3) to base 16.
-1375f
Convert 1a762b8 (base 12) to base 14.
a67bac
Convert 372486 (base 10) to base 7.
3110652
113144 (base 6) to base 11
7395
What is 157440 (base 8) in base 12?
29080
What is 155343544 (base 6) in base 12?
1151bb4
Convert -11122020120111 (base 3) to base 10.
-2465167
-579019 (base 12) to base 3
-2122101010210
Convert 4643bd (base 14) to base 8.
11102663
Convert 52403561 (base 7) to base 12.
1592932
111101001100011000101 (base 2) to base 4
13221203011
4700407 (base 8) to base 3
2101221101022
2117712 (base 8) to base 10
565194
Convert 12212002000 (base 3) to base 13.
405b4
24755256 (base 8) to base 14
a30a18
131103302000 (base 4) to base 13
1790195
Convert -10101101000110100101110 (base 2) to base 6.
-321324210
What is 1521312 (base 6) in base 4?
111212030
What is -1010011001011000101010 (base 2) in base 7?
-32110553
Convert -e60b21 (base 15) to base 2.
-101001101110010010100010
-11100321 (base 4) to base 2
-101010000111001
Convert 3037052 (base 12) to base 4.
202131021332
Convert 29955 (base 12) to base 7.
332135
3220300 (base 5) to base 4
31102302
28978a (base 12) to base 15
d682d
Convert 1552362 (base 8) to base 14.
b924a
Convert -1100250 (base 9) to base 14.
-1153a9
413150 (base 8) to base 5
13334213
Convert -10255120 (base 7) to base 8.
-3245034
What is -113031110123 (base 4) in base 3?
-102110002111102
966637 (base 10) to base 11
600281
Convert -14210110 (base 5) to base 4.
-210001022
Convert 13a670b (base 12) to base 16.
3c4a7b
Convert 5321 (base 8) to base 9.
3716
What is -10545454 (base 6) in base 14?
-8676a
Convert 2221121222100 (base 3) to base 9.
2847870
-13214355 (base 6) to base 14
-b5767
10001010000101101101 (base 2) to base 3
1001201212122
Convert 82913 (base 14) to base 12.
132085
-2793b6 (base 13) to base 8
-3530576
Convert -135123 (base 12) to base 13.
-b277c
What is 3685a (base 14) in base 6?
2505224
What is -104421034 (base 5) in base 12?
-1a6323
Convert -5c29c (base 15) to base 8.
-1076516
-2a20d2 (base 16) to base 2
-1010100010000011010010
Convert -107291 (base 11) to base 10.
-170710
-33c6a4 (base 14) to base 13
-49959c
Convert -44112425 (base 6) to base 12.
-535715
-307140 (base 8) to base 15
-2033e
What is -7825e1 (base 16) in base 7?
-123633214
Convert 4231cb (base 13) to base 3.
2220201010120
-493156 (base 10) to base 5
-111240111
Convert -1fc5ab (base 16) to base 9.
-3823236
What is -1013102 (base 9) in base 7?
-4410065
Convert dc823b (base 14) to base 7.
120352204
-64571 (base 13) to base 16
-2c363
-581143 (base 9) to base 2
-1010101000110100110
Convert 3636635 (base 7) to base 13.
132bab
What is -2021004 (base 5) in base 11?
-22573
What is 14ab0cb (base 13) in base 9?
13412514
Convert -259a180 (base 12) to base 6.
-423013040
-35503305 (base 6) to base 16
-10fa99
Convert -e33656 (base 16) to base 10.
-14890582
What is -120213335 (base 6) in base 14?
-42a7c7
Convert -2552513 (base 8) to base 2.
-10101101010101001011
What is -144165 (base 11) in base 7?
-1625234
325458 (base 9) to base 7
1436306
-14429 (base 14) to base 6
-1024245
Convert 101111111011100010 (base 2) to base 4.
233323202
14187b (base 15) to base 9
1733628
Convert 1c85f (base 16) to base 7.
664421
5505015 (base 6) to base 16
42b63
What is -535231000 (base 6) in base 10?
-9490824
2ca613 (base 13) to base 15
16d5cd
What is -313210333 (base 4) in base 15?
-476b7
2110112010 (base 3) to base 9
73463
What is -11001111010001011010011 (base 2) in base 9?
-13701645
What is -278691 (base 16) in base 4?
-21320122101
11012237 (base 8) to base 16
24149f
What is 110022200120 (base 3) in base 2?
111011001101100001
Convert 100010010000011100 (base 2) to base 11.
96470
What is 1683 (base 11) in base 9?
2846
Convert -27b8e (base 16) to base 12.
-7a1a6
-1754742 (base 9) to base 6
-33010102
What is 2e66b (base 16) in base 5?
22040214
What is 108a58 (base 16) in base 6?
35122252
-111767 (base 9) to base 7
-366145
Convert -221100210201011 (base 3) to base 4.
-303122301112
23311040 (base 5) to base 3
101211112220
-43c06 (base 13) to base 5
-12412434
Convert 99986 (base 10) to base 14.
2861c
10000100001011101 (base 2) to base 10
67677
12654456 (base 7) to base 6
41051533
Convert 255599 (base 11) to base 7.
3264660
-45653 (base 13) to base 14
-34063
What is 4501411 (base 6) in base 15?
46dd1
What is -586264 (base 9) in base 13?
-c44a1
What is -88463 (base 13) in base 16?
-3c425
Convert 89734b (base 15) to base 4.
121000111310
Convert -299467 (base 12) to base 6.
-23003011
Convert 3002213132 (base 4) to base 5.
201002100
Convert 1204420424 (base 5) to base 3.
12021210121110
What is 11101011110010010101010 (base 2) in base 7?
122446340
-5bdeb4 (base 16) to base 9
-12285864
7620cc (base 14) to base 12
140b430
Convert -b9730 (base 12) to base 2.
-111011101111010100
2230142320 (base 5) to base 6
253342015
What is 12133010 (base 4) in base 2?
110011111000100
What is -1340722 (base 12) in base 13?
-a38179
What is 1045458 (base 10) in base 2?
11111111001111010010
What is -289bc0 (base 13) in base 8?
-3623136
Convert -11520876 (base 9) to base 8.
-25347306
What is -30300302 (base 5) in base 10?
-243827
What is 98170 (base 13) in base 4?
1003013011
What is -381062 (base 9) in base 7?
-1646531
What is 516570 (base 8) in base 13?
60015
10000101011110011101 (base 2) to base 4
2011132131
Convert 622216 (base 8) to base 6.
4225314
Convert 4301233 (base 7) to base 9.
874304
What is 10463020 (base 7) in base 14?
198380
-111010001110110011 (base 2) to base 14
-62ccb
What is 6751 (base 13) in base 15?
4421
What is -201230222 (base 4) in base 6?
-2543002
Convert -30011230 (base 4) to base 5.
-3041031
Convert -1175256 (base 11) to base 15.
-2a50c2
323509 (base 13) to base 2
100011111101101001110
What is -bc124 (base 14) in base 8?
-1572064
Convert 20b961 (base 16) to base 4.
20023211201
178d61 (base 14) to base 13
23150a
Convert 1010210201212 (base 3) to base 13.
182ca2
What is -42373726 (base 8) in base 15?
-bd911d
Convert 132014230 (base 6) to base 3.
11220212002100
-28d96 (base 14) to base 9
-164157
What is 231654 (base 9) in base 5?
13422140
-2042231 (base 5) to base 3
-1201201201
Convert d47cc (base 16) to base 3.
1122012220010
122311130323 (b